 prime?
False
Is 39279 composite?
True
Is 1253991 composite?
True
Is 15623 a prime number?
False
Is 77819 a prime number?
False
Is 3907 a composite number?
False
Is 91781 composite?
False
Is 273341 composite?
True
Is 38371 a prime number?
True
Is 78145 a prime number?
False
Is 59003 composite?
True
Is 19949 a prime number?
True
Is 454243 a composite number?
True
Is 299 composite?
True
Is 683 composite?
False
Is 107713 prime?
True
Is 61949 a prime number?
True
Is 5033 a prime number?
False
Is 803 composite?
True
Is 627773 prime?
True
Is 115873 a composite number?
False
Is 10837 composite?
False
Is 4717 composite?
True
Is 28387 prime?
True
Is 69769 composite?
True
Is 30551 prime?
False
Is 216271 a prime number?
False
Is 139093 a prime number?
False
Is 89753 composite?
False
Is 168943 composite?
False
Is 565001 composite?
True
Is 557591 prime?
True
Is 100553 a prime number?
False
Is 2779 prime?
False
Is 25841 prime?
True
Is 78737 composite?
False
Is 62039 prime?
True
Is 37397 prime?
True
Is 89443 a composite number?
False
Is 505007 a composite number?
True
Is 7151 a composite number?
False
Is 739 prime?
True
Is 82549 a composite number?
False
Is 106802 composite?
True
Is 1277 a composite number?
False
Is 12323 prime?
True
Is 821287 a composite number?
True
Is 85691 a prime number?
True
Is 5057 a prime number?
False
Is 877303 prime?
False
Is 136985 a composite number?
True
Is 100546 prime?
False
Is 85741 prime?
False
Is 633 a prime number?
False
Is 661129 a prime number?
False
Is 303559 prime?
False
Is 1563 a prime number?
False
Is 485519 prime?
True
Is 15153 composite?
True
Is 104207 a composite number?
False
Is 14173 a prime number?
True
Is 116159 composite?
False
Is 268237 a composite number?
False
Is 52795 composite?
True
Is 7663 a composite number?
True
Is 4157737 a composite number?
True
Is 14281 a prime number?
True
Is 234317 prime?
True
Is 303167 composite?
True
Is 144479 prime?
True
Is 4286335 a composite number?
True
Is 4307 prime?
False
Is 76733 composite?
False
Is 14621 composite?
False
Is 313507 a composite number?
False
Is 5963 a composite number?
True
Is 6055871 prime?
True
Is 162769 composite?
True
Is 5132981 a prime number?
False
Is 1537 prime?
False
Is 26749 composite?
True
Is 102229 a prime number?
True
Is 717713 composite?
True
Is 141389 a prime number?
False
Is 254 a prime number?
False
Is 88391 composite?
True
Is 77135 composite?
True
Is 189071 composite?
True
Is 1811 a composite number?
False
Is 41753 a composite number?
True
Is 12071 a composite number?
False
Is 63241 a composite number?
False
Is 62267 a prime number?
False
Is 120307 a composite number?
True
Is 3921 a composite number?
True
Is 191721 prime?
False
Is 109507 a prime number?
True
Is 1193939 a prime number?
True
Is 362 prime?
False
Is 48463 a composite number?
False
Is 101107 composite?
False
Is 14107 composite?
False
Is 442037 prime?
False
Is 29981 composite?
True
Is 173429 a prime number?
True
Is 11 prime?
True
Is 80167 a composite number?
False
Is 11657 a composite number?
False
Is 1151 composite?
False
Is 3064337 prime?
True
Is 8889 composite?
True
Is 115963 prime?
True
Is 3511 a composite number?
False
Is 52433 a prime number?
True
Is 40027 prime?
False
Is 403 composite?
True
Is 2252419 a composite number?
True
Is 86911 a prime number?
False
Is 46131 composite?
True
Is 58309 a prime number?
True
Is 35983 composite?
False
Is 63694 a prime number?
False
Is 262313 a prime number?
True
Is 5077 a composite number?
False
Is 8663 a prime number?
True
Is 5581 composite?
False
Is 28349 a composite number?
False
Is 10681 a composite number?
True
Is 111883 a composite number?
True
Is 5779 a composite number?
False
Is 1338013 a prime number?
True
Is 6761 a prime number?
True
Is 10007 composite?
False
Is 13613 a composite number?
False
Is 5833 prime?
False
Is 13397 composite?
False
Is 23459 prime?
True
Is 32531 a prime number?
True
Is 92459 a prime number?
True
Is 7187 prime?
True
Is 89545 composite?
True
Is 45215 prime?
False
Is 34433 composite?
True
Is 1261627 a composite number?
False
Is 13378 a composite number?
True
Is 76819 a composite number?
False
Is 114113 prime?
True
Is 328291 a prime number?
True
Is 12251 composite?
False
Is 13705 a composite number?
True
Is 160807 a prime number?
True
Is 849917 prime?
True
Is 79411 a composite number?
False
Is 21557 a prime number?
True
Is 12323 a composite number?
False
Is 44069 prime?
False
Is 8657 a prime number?
False
Is 81941 composite?
True
Is 10847 composite?
False
Is 84377 composite?
False
Is 22531 a composite number?
False
Is 12197 a prime number?
True
Is 3953 composite?
True
Is 94597 a prime number?
True
Is 16877 a composite number?
True
Is 5261 prime?
True
Is 278833 prime?
False
Is 208433 a composite number?
False
Is 5953 prime?
True
Is 2176985 prime?
False
Is 1404709 a prime number?
True
Is 40773 a composite number?
True
Is 431629 prime?
False
Is 824123 prime?
True
Is 61265 a prime number?
False
Is 37717 composite?
False
Is 8353 a prime number?
True
Is 17807 prime?
True
Is 1511 a composite number?
False
Is 902321 a prime number?
False
Is 667891 composite?
True
Is 4391 a prime number?
True
Is 282453 prime?
False
Is 36353 composite?
False
Is 10073 prime?
False
Is 979 a prime number?
False
Is 160001 a composite number?
False
Is 281717 composite?
False
Is 35403 composite?
True
Is 66137 a composite number?
False
Is 5531 composite?
False
Is 3831 a composite number?
True
Is 178309 composite?
True
Is 330557 a prime number?
True
Is 1511 a prime number?
True
Is 5808743 a prime number?
True
Is 5515901 prime?
False
Is 13957 a prime number?
False
Is 1139 a composite number?
True
Is 314733 composite?
True
Is 6805 a prime number?
False
Is 441033 a composite number?
True
Is 45587 a prime number?
True
Is 339023 prime?
True
Is 59611 a prime number?
True
Is 9897 a composite number?
True
Is 15580733 a prime number?
False
Is 5779 a composite number?
False
Is 3378187 a prime number?
True
Is 2417 prime?
True
Is 62 prime?
False
Is 55127 composite?
False
Is 13307 composite?
True
Is 6931 a prime number?
False
Is 86743 prime?
True
Is 375203 prime?
True
Is 122891 composite?
False
Is 477647 a prime number?
False
Is 122919 composite?
True
Is 1950697 a prime number?
False
Is 140333 a prime number?
True
Is 4703 composite?
False
Is 528871 composite?
True
Is 1341623 a prime number?
False
Is 787 a prime number?
True
Is 245339 a composite number?
False
Is 4279 prime?
False
Is 13229 a composite number?
False
Is 35671 a prime number?
True
Is 2251 prime?
True
Is 34231 prime?
True
Is 9223 a composite number?
True
Is 763397 composite?
True
Is 32141 composite?
False
Is 429719 a composite number?
False
Is 7232209 a prime number?
True
Is 107563 composite?
False
Is 1361 a composite number?
False
Is 108001 prime?
False
Is 29059 a prime number?
True
Is 2515 prime?
False
Is 430345 prime?
False
Is 29031 prime?
False
Is 243119 a prime number?
True
Is 381 a composite number?
True
Is 474307 a composite number?
False
Is 212285 a prime number?
False
Is 9151 a prime number?
True
Is 112045 prime?
False
Is 9017 a prime number?
False
Is 7261 a prime number?
False
Is 162359 a prime number?
True
Is 6323 a prime number?
True
Is 589507 composite?
False
Is 7921 composite?
True
Is 41267 prime?
False
Is 16619 a prime number?
True
Is 633 prime?
False
Is 29285 composite?
True
Is 127781 composite?
False
Is 74513 prime?
False
Is 2099 prime?
True
Is 27527 a composite number?
False
Is 300221 a prime number?
True
Is 642487 prime?
True
Is 10681 prime?
False
Is 59 prime?
True
Is 2911 a composite number?
True
Is 1779571 composite?
False
Is 24483 prime?
False
Is 907 a composite number?
False
Is 62701 a prime number?
True
Is 985921 a composite number?
False
Is 33133 a prime number?
False
Is 21907 a composite number?
True
Is 29177 composite?
True
Is 813355 prime?
False
Is 40643 composite?
True
Is 573679 a composite number?
False
Is 499 prime?
True
Is 22693 a prime number?
False
Is 3343 composite?
False
Is 364817 composite?
True
Is 156829 a prime number?
False
Is 1507 a composite number?
True
Is 7121 composite?
False
Is 131839 composite?
False
Is 2024771 a prime number?
False
Is 977 composite?
False
Is 6389 composite?
False
Is 24053 a composite number?
True
Is 1189411 prime?
False
Is 